{"id":264,"date":"2020-04-17T13:27:46","date_gmt":"2020-04-17T11:27:46","guid":{"rendered":"https:\/\/addsna.123.fr\/?page_id=264"},"modified":"2020-05-10T13:52:05","modified_gmt":"2020-05-10T11:52:05","slug":"ppg-en-ligne","status":"publish","type":"page","link":"https:\/\/addsna.123.fr\/?page_id=264","title":{"rendered":"PPG en ligne"},"content":{"rendered":"\n<p>Voici les liens vers les vid\u00e9os de Fanny pour garder la forme pendant cette p\u00e9riode de confinement. Les vid\u00e9os seront ajout\u00e9es au fur et \u00e0 mesure.<\/p>\n\n\n\n<ul class=\"wp-block-list\"><li><a href=\"https:\/\/drive.google.com\/open?id=1QxAKzP650ta5b5FAmEXNL_iJngthlIi_\">S\u00e9ance 1<\/a><\/li><li><a href=\"https:\/\/drive.google.com\/open?id=1QuSa4fOBKgkfOABDU8rkvRbaq9rD6Tpf\">S\u00e9ance 2<\/a><\/li><li><a href=\"https:\/\/drive.google.com\/open?id=1QmuQYw9hUKW_PQ9SHBJQJI3CQv-OyRDF\">S\u00e9ance 3<\/a><\/li><li><a href=\"https:\/\/drive.google.com\/open?id=1QlW0XUaYD2DZN1WZtDPfVRpYbArALHCF\">S\u00e9ance 4<\/a><\/li><li><a href=\"https:\/\/drive.google.com\/open?id=1QaA6IngmTYKef-H_V2ppZuSzEdDhylET\">S\u00e9ance 5<\/a><\/li><li><a href=\"https:\/\/drive.google.com\/open?id=1QXd9f6RjADKFkf58sXgIIXSC7iIMhKCK\">S\u00e9ance 6<\/a><\/li><li><a href=\"https:\/\/drive.google.com\/open?id=1UCHvP0PWla_wC7Kn1rcxHQHftxcWUO6I\">S\u00e9ance 7<\/a><\/li><li><a href=\"https:\/\/drive.google.com\/open?id=1XUwjgUbGbRktW1G1exgqTT3bEjbjtBEW\">S\u00e9ance 8<\/a><\/li><li><a href=\"https:\/\/drive.google.com\/open?id=1VNzAVHgDVhnJUXUYxxxcqouqsdX6d2Y2\">S\u00e9ance 9<\/a><\/li><li><a href=\"https:\/\/drive.google.com\/open?id=1_-Y6ShL0EcjG2Pz7m6a1CWm54Hecavts\">S\u00e9ance 10<\/a><\/li><\/ul>\n","protected":false},"excerpt":{"rendered":"<p>Voici les liens vers les vid\u00e9os de Fanny pour garder la forme pendant cette p\u00e9riode de confinement. Les vid\u00e9os seront ajout\u00e9es au fur et \u00e0 mesure. S\u00e9ance 1 S\u00e9ance 2 S\u00e9ance 3 S\u00e9ance 4 S\u00e9ance 5 S\u00e9ance 6 S\u00e9ance 7 S\u00e9ance 8 S\u00e9ance 9 S\u00e9ance 10<\/p>\n","protected":false},"author":1,"featured_media":266,"parent":0,"menu_order":0,"comment_status":"closed","ping_status":"closed","template":"","meta":{"footnotes":""},"class_list":["post-264","page","type-page","status-publish","has-post-thumbnail","hentry"],"_links":{"self":[{"href":"https:\/\/addsna.123.fr\/index.php?rest_route=\/wp\/v2\/pages\/264","targetHints":{"allow":["GET"]}}],"collection":[{"href":"https:\/\/addsna.123.fr\/index.php?rest_route=\/wp\/v2\/pages"}],"about":[{"href":"https:\/\/addsna.123.fr\/index.php?rest_route=\/wp\/v2\/types\/page"}],"author":[{"embeddable":true,"href":"https:\/\/addsna.123.fr\/index.php?rest_route=\/wp\/v2\/users\/1"}],"replies":[{"embeddable":true,"href":"https:\/\/addsna.123.fr\/index.php?rest_route=%2Fwp%2Fv2%2Fcomments&post=264"}],"version-history":[{"count":4,"href":"https:\/\/addsna.123.fr\/index.php?rest_route=\/wp\/v2\/pages\/264\/revisions"}],"predecessor-version":[{"id":279,"href":"https:\/\/addsna.123.fr\/index.php?rest_route=\/wp\/v2\/pages\/264\/revisions\/279"}],"wp:featuredmedia":[{"embeddable":true,"href":"https:\/\/addsna.123.fr\/index.php?rest_route=\/wp\/v2\/media\/266"}],"wp:attachment":[{"href":"https:\/\/addsna.123.fr\/index.php?rest_route=%2Fwp%2Fv2%2Fmedia&parent=264"}],"curies":[{"name":"wp","href":"https:\/\/api.w.org\/{rel}","templated":true}]}}